{"id":3392,"date":"2023-06-07T16:09:57","date_gmt":"2023-06-07T14:09:57","guid":{"rendered":"https:\/\/artaucentre.be\/?post_type=vitrine&#038;p=3392"},"modified":"2023-06-08T18:23:52","modified_gmt":"2023-06-08T16:23:52","slug":"celle-qui-etait-la-chez-elle","status":"publish","type":"vitrine","link":"https:\/\/artaucentre.be\/en\/vitrine\/celle-qui-etait-la-chez-elle\/","title":{"rendered":"Celle qui \u00e9tait l\u00e0 chez elle"},"content":{"rendered":"<p>9 o\u2019clock, no one left. No more light, no more TV, not even a fir tree.<br \/>\nCurtain.<br \/>\nThe blinds are closed all the way down.<\/p>\n<p>With Celle qui \u00e9tait l\u00e0 chez elle, Rozenn Veauvy questions her vis-\u00e0-vis about her neighbor\u2019s apartment. Initially a simple observation space, it becomes a place of life, a space that gives way to an almost theatrical mise-en-abime between three living rooms : that of Friends, where fiction resides and its characters who meet for 20 minutes during 236 episodes, without even thinking of this neighbor, alone in her living room who listens to them and observes them attentively. On the other side of the street, the artist \u2013 from her living room \u2013 observes her neighbor watching Friends. \u201cThe one who was there, at home, that was me, it was my episode of Friends. \u00bb Rozenn Veauvy adopts a style of writing that can be described as \u00abcapturing reality\u00bb. Her artistic writing highlights the reality of everyday life, its banalities and its details that make images or spectacle.<\/p>\n","protected":false},"featured_media":3867,"template":"","exposition":[36],"class_list":["post-3392","vitrine","type-vitrine","status-publish","has-post-thumbnail","hentry","exposition-en12"],"acf":[],"_links":{"self":[{"href":"https:\/\/artaucentre.be\/en\/wp-json\/wp\/v2\/vitrine\/3392","targetHints":{"allow":["GET"]}}],"collection":[{"href":"https:\/\/artaucentre.be\/en\/wp-json\/wp\/v2\/vitrine"}],"about":[{"href":"https:\/\/artaucentre.be\/en\/wp-json\/wp\/v2\/types\/vitrine"}],"wp:featuredmedia":[{"embeddable":true,"href":"https:\/\/artaucentre.be\/en\/wp-json\/wp\/v2\/media\/3867"}],"wp:attachment":[{"href":"https:\/\/artaucentre.be\/en\/wp-json\/wp\/v2\/media?parent=3392"}],"wp:term":[{"taxonomy":"exposition","embeddable":true,"href":"https:\/\/artaucentre.be\/en\/wp-json\/wp\/v2\/exposition?post=3392"}],"curies":[{"name":"wp","href":"https:\/\/api.w.org\/{rel}","templated":true}]}}

Celle qui était là chez elle

<p>9 o’clock, no one left. No more light, no more TV, not even a fir tree.<br />
Curtain.<br />
The blinds are closed all the way down.</p>
<p>With Celle qui était là chez elle, Rozenn Veauvy questions her vis-à-vis about her neighbor’s apartment. Initially a simple observation space, it becomes a place of life, a space that gives way to an almost theatrical mise-en-abime between three living rooms : that of Friends, where fiction resides and its characters who meet for 20 minutes during 236 episodes, without even thinking of this neighbor, alone in her living room who listens to them and observes them attentively. On the other side of the street, the artist – from her living room – observes her neighbor watching Friends. “The one who was there, at home, that was me, it was my episode of Friends. » Rozenn Veauvy adopts a style of writing that can be described as «capturing reality». Her artistic writing highlights the reality of everyday life, its banalities and its details that make images or spectacle.</p>
