{"id":3637,"date":"2023-10-02T14:28:52","date_gmt":"2023-10-02T12:28:52","guid":{"rendered":"https:\/\/artaucentre.be\/vitrine\/onsite-website-the-official-emoji-shop\/"},"modified":"2023-10-04T17:53:33","modified_gmt":"2023-10-04T15:53:33","slug":"eloise-alliguie","status":"publish","type":"vitrine","link":"https:\/\/artaucentre.be\/en\/vitrine\/eloise-alliguie\/","title":{"rendered":"Onsite Website : The Official Emoji Shop"},"content":{"rendered":"<p><em>Onsite Website: The Official Emoji Shop<\/em> uses the space of the window as the metaphor of a computer screen. It specifically embodies an e-commerce site called \u201cwebshop\u201d where all products are also inspired by digital objects: emojis. These icons, commonly used in our so-called \u201conline\u201d interactions, seem to dominate our environment and our own existence. These sculptures are here presented as functional objects and blur the boundaries of the recurring opposition between digital and physical.<\/p>\n<p>The objects exhibited at 29 rue de L&#8217;Universit\u00e9 are taken from <em>The Apple Pie<\/em>, a video produced by \u00c9lo\u00efse Alligui\u00e9 in 2022. In this cooking tutorial coming from a world where digital representations are more familiar to us than physical objects, the main character prepares an apple pie using only tools and ingredients that are available in Apple\u2019s emojis catalog. The embodied icons come to life and dialogue materially in an absurd sequence where reality and simulations combine.<\/p>\n","protected":false},"featured_media":4183,"template":"","exposition":[39],"class_list":["post-3637","vitrine","type-vitrine","status-publish","has-post-thumbnail","hentry","exposition-en13"],"acf":[],"_links":{"self":[{"href":"https:\/\/artaucentre.be\/en\/wp-json\/wp\/v2\/vitrine\/3637","targetHints":{"allow":["GET"]}}],"collection":[{"href":"https:\/\/artaucentre.be\/en\/wp-json\/wp\/v2\/vitrine"}],"about":[{"href":"https:\/\/artaucentre.be\/en\/wp-json\/wp\/v2\/types\/vitrine"}],"wp:featuredmedia":[{"embeddable":true,"href":"https:\/\/artaucentre.be\/en\/wp-json\/wp\/v2\/media\/4183"}],"wp:attachment":[{"href":"https:\/\/artaucentre.be\/en\/wp-json\/wp\/v2\/media?parent=3637"}],"wp:term":[{"taxonomy":"exposition","embeddable":true,"href":"https:\/\/artaucentre.be\/en\/wp-json\/wp\/v2\/exposition?post=3637"}],"curies":[{"name":"wp","href":"https:\/\/api.w.org\/{rel}","templated":true}]}}

<p><em>Onsite Website: The Official Emoji Shop</em> uses the space of the window as the metaphor of a computer screen. It specifically embodies an e-commerce site called “webshop” where all products are also inspired by digital objects: emojis. These icons, commonly used in our so-called “online” interactions, seem to dominate our environment and our own existence. These sculptures are here presented as functional objects and blur the boundaries of the recurring opposition between digital and physical.</p>
<p>The objects exhibited at 29 rue de L&#8217;Université are taken from <em>The Apple Pie</em>, a video produced by Éloïse Alliguié in 2022. In this cooking tutorial coming from a world where digital representations are more familiar to us than physical objects, the main character prepares an apple pie using only tools and ingredients that are available in Apple’s emojis catalog. The embodied icons come to life and dialogue materially in an absurd sequence where reality and simulations combine.</p>
