{"id":5100,"date":"2026-02-09T10:52:42","date_gmt":"2026-02-09T09:52:42","guid":{"rendered":"https:\/\/artaucentre.be\/?post_type=vitrine&#038;p=5100"},"modified":"2026-02-09T11:08:57","modified_gmt":"2026-02-09T10:08:57","slug":"nikolay_karabinovych","status":"publish","type":"vitrine","link":"https:\/\/artaucentre.be\/en\/vitrine\/nikolay_karabinovych\/","title":{"rendered":"Opalima Kupina: Li\u00e8ge episode A Stop Pavilion: On the Soft Underbelly of Europe."},"content":{"rendered":"<p>\u201cWe work at night, we do what we can. Doubt is our passion, and passion is our assignment.\u201d<\/p>\n<p>What do we see? A deserted, battered office, a studio where someone once tried to shoot videos, apparently for some unknown YouTube channel. Later we learn it belonged to one of the decolonial detectives. His fate is murky, almost mythic. We know only this: once he found himself in Li\u00e8ge, he devoted himself to studying the activities of the Soci\u00e9t\u00e9 Anonyme des Tramways d\u2019Odessa, as well as Les Tramways de Palerme.<\/p>\n<p>A few facts from the biography of Detective M.<\/p>\n<p>After a severe frostbite injury (which cost him two toes), he was evacuated from Khmelnytskyi at the end of 2019 to Cairo, and from there moved on to Paris.<\/p>\n<p>By car he made it as far as Bulgaria, where he drank again in a restaurant and began telling strangers that he was heading to Paris on a secret assignment for some unnamed special services.<\/p>\n<p>In Li\u00e8ge, his studio opened on 12 February.<\/p>\n<p>Back then he was always humming:<\/p>\n<p>I get up \u2014 I get down<br \/>\nAll my world turns around<br \/>\nWho is right? Who is wrong?<br \/>\nI don\u2019t know<br \/>\nI\u2019ve got pain in my heart<\/p>\n","protected":false},"featured_media":5096,"template":"","exposition":[53],"class_list":["post-5100","vitrine","type-vitrine","status-publish","has-post-thumbnail","hentry","exposition-en18"],"acf":[],"_links":{"self":[{"href":"https:\/\/artaucentre.be\/en\/wp-json\/wp\/v2\/vitrine\/5100","targetHints":{"allow":["GET"]}}],"collection":[{"href":"https:\/\/artaucentre.be\/en\/wp-json\/wp\/v2\/vitrine"}],"about":[{"href":"https:\/\/artaucentre.be\/en\/wp-json\/wp\/v2\/types\/vitrine"}],"wp:featuredmedia":[{"embeddable":true,"href":"https:\/\/artaucentre.be\/en\/wp-json\/wp\/v2\/media\/5096"}],"wp:attachment":[{"href":"https:\/\/artaucentre.be\/en\/wp-json\/wp\/v2\/media?parent=5100"}],"wp:term":[{"taxonomy":"exposition","embeddable":true,"href":"https:\/\/artaucentre.be\/en\/wp-json\/wp\/v2\/exposition?post=5100"}],"curies":[{"name":"wp","href":"https:\/\/api.w.org\/{rel}","templated":true}]}}

Opalima Kupina: Liège episode A Stop Pavilion: On the Soft Underbelly of Europe.

<p>“We work at night, we do what we can. Doubt is our passion, and passion is our assignment.”</p>
<p>What do we see? A deserted, battered office, a studio where someone once tried to shoot videos, apparently for some unknown YouTube channel. Later we learn it belonged to one of the decolonial detectives. His fate is murky, almost mythic. We know only this: once he found himself in Liège, he devoted himself to studying the activities of the Société Anonyme des Tramways d’Odessa, as well as Les Tramways de Palerme.</p>
<p>A few facts from the biography of Detective M.</p>
<p>After a severe frostbite injury (which cost him two toes), he was evacuated from Khmelnytskyi at the end of 2019 to Cairo, and from there moved on to Paris.</p>
<p>By car he made it as far as Bulgaria, where he drank again in a restaurant and began telling strangers that he was heading to Paris on a secret assignment for some unnamed special services.</p>
<p>In Liège, his studio opened on 12 February.</p>
<p>Back then he was always humming:</p>
<p>I get up — I get down<br />
All my world turns around<br />
Who is right? Who is wrong?<br />
I don’t know<br />
I’ve got pain in my heart</p>
